True
Is 5860684 a multiple of 479?
False
Is 520470 a multiple of 5?
True
Is 124570 a multiple of 76?
False
Is 5046 a multiple of 6?
True
Does 164 divide 260726?
False
Is 51144 a multiple of 7?
False
Does 7 divide 318745?
True
Does 121 divide 6975408?
True
Does 13 divide 253292?
True
Is 113658 a multiple of 114?
True
Is 537 a factor of 344754?
True
Does 16 divide 12477351?
False
Is 196 a factor of 502638?
False
Is 5772312 a multiple of 312?
True
Is 576 a factor of 87161?
False
Is 412078 a multiple of 32?
False
Is 472095 a multiple of 328?
False
Does 64 divide 3776?
True
Is 6406982 a multiple of 7?
False
Is 10759400 a multiple of 50?
True
Is 309 a factor of 1010430?
True
Is 4694490 a multiple of 10?
True
Is 3 a factor of 6890654?
False
Is 10 a factor of 19180?
True
Is 1718295 a multiple of 402?
False
Is 1071180 a multiple of 90?
True
Is 556 a factor of 1077568?
False
Does 16 divide 11103648?
True
Is 388 a factor of 2275235?
False
Is 5087360 a multiple of 64?
True
Does 8 divide 587519?
False
Does 119 divide 80325?
True
Is 6 a factor of 149443?
False
Is 292 a factor of 2270592?
True
Does 1945 divide 374442?
False
Is 14 a factor of 18931558?
False
Is 242 a factor of 117940?
False
Is 2169 a multiple of 207?
False
Does 35 divide 1658667?
False
Is 25 a factor of 170125?
True
Does 263 divide 179699?
False
Is 562 a factor of 14185442?
True
Is 343 a factor of 728853?
False
Is 11 a factor of 4818?
True
Is 5 a factor of 1200?
True
Is 3905 a multiple of 82?
False
Is 1130176 a multiple of 32?
True
Is 22272 a multiple of 96?
True
Is 16526 a multiple of 8?
False
Does 813 divide 847644?
False
Is 19466 a multiple of 11?
False
Does 51 divide 1778268?
True
Does 185 divide 492396?
False
Does 25 divide 153719?
False
Is 898708 a multiple of 42?
False
Is 53 a factor of 311269?
True
Does 155 divide 184586?
False
Does 64 divide 96373?
False
Is 17567 a multiple of 54?
False
Does 246 divide 234438?
True
Is 312 a factor of 1811881?
False
Is 10 a factor of 87247?
False
Is 5 a factor of 116285?
True
Does 367 divide 103221?
False
Does 2033 divide 2803876?
False
Is 10 a factor of 10096420?
True
Does 34 divide 15429?
False
Is 136 a factor of 2024514?
False
Is 139563 a multiple of 12?
False
Does 30 divide 692685?
False
Is 11060684 a multiple of 135?
False
Does 84 divide 82236?
True
Does 86 divide 140453?
False
Is 210406 even?
True
Is 2090235 a multiple of 17?
True
Is 99 a factor of 131373?
True
Is 514256 a multiple of 8?
True
Is 74174 a multiple of 373?
False
Is 157 a factor of 307877?
True
Is 37 a factor of 984477?
False
Is 364260 a multiple of 130?
True
Is 2537817 a multiple of 14?
False
Is 3422 a multiple of 29?
True
Does 16 divide 198535?
False
Is 134418 a multiple of 521?
True
Is 5661528 a multiple of 6?
True
Does 215 divide 3870?
True
Does 11 divide 3061330?
False
Does 19 divide 381923?
False
Is 7 a factor of 3065159?
False
Is 3 a factor of 37925?
False
Is 6 a factor of 60996?
True
Is 10 a factor of 133770?
True
Is 104844 a multiple of 4?
True
Is 967 a factor of 8481557?
True
Is 31 a factor of 3939770?
False
Is 2 a factor of 470318?
True
Does 124 divide 292450?
False
Is 332 a factor of 1058056?
False
Is 2579383 a multiple of 19?
True
Is 127699 a multiple of 517?
True
Is 107815 a multiple of 26?
False
Is 2300808 a multiple of 1428?
False
Is 22 a factor of 126654?
True
Does 7 divide 920205?
False
Is 8873 a multiple of 12?
False
Is 97 a factor of 17751?
True
Is 129 a factor of 280575?
True
Is 12 a factor of 83672?
False
Is 2248040 a multiple of 453?
False
Is 764 a factor of 641760?
True
Does 30 divide 658800?
True
Does 45 divide 150660?
True
Is 9676 a multiple of 27?
False
Is 189058 a multiple of 45?
False
Is 13 a factor of 69654?
True
Does 29 divide 572199?
True
Does 28 divide 117779?
False
Does 799 divide 5712051?
True
Is 55500 a multiple of 6?
True
Does 18 divide 696636?
True
Does 5 divide 26683?
False
Is 5 a factor of 65064?
False
Is 66470 a multiple of 85?
True
Is 322346 a multiple of 40?
False
Is 15 a factor of 1280460?
True
Is 543 a factor of 2250508?
False
Is 346881 a multiple of 17?
False
Is 263921 a multiple of 11?
False
Is 610 a factor of 1229760?
True
Does 128 divide 1308672?
True
Is 645966 a multiple of 51?
True
Is 10 a factor of 11868760?
True
Is 140932 a multiple of 44?
True
Is 546 a factor of 4466637?
False
Is 11588744 a multiple of 7?
False
Is 26 a factor of 339000?
False
Is 36 a factor of 1701000?
True
Is 38 a factor of 33290?
False
Is 440 a factor of 301400?
True
Does 27 divide 695212?
False
Is 11 a factor of 4871984?
False
Is 2692280 a multiple of 40?
True
Does 60 divide 36300?
True
Is 95 a factor of 1067705?
True
Is 13 a factor of 8909?
False
Is 3374690 a multiple of 55?
True
Does 23 divide 189037?
True
Is 7 a factor of 2584736?
True
Does 55 divide 590315?
True
Is 56 a factor of 171192?
True
Does 47 divide 1218851?
True
Is 38 a factor of 2375432?
False
Is 63 a factor of 58338?
True
Does 80 divide 350560?
True
Is 3 a factor of 16028?
False
Is 14120 a multiple of 22?
False
Is 558290 a multiple of 10?
True
Is 31 a factor of 6922225?
False
Is 9 a factor of 195120?
True
Is 986489 a multiple of 803?
False
Is 85267 a multiple of 1543?
False
Is 94 a factor of 2013950?
True
Is 86 a factor of 213022?
True
Does 24 divide 849312?
True
Does 217 divide 581870?
False
Does 9 divide 377946?
True
Is 2678535 a multiple of 45?
True
Is 13 a factor of 1832313?
False
Does 274 divide 194540?
True
Is 81 a factor of 113071?
False
Is 54 a factor of 114264?
True
Is 3162328 a multiple of 1010?
False
Is 446 a factor of 595281?
False
Is 732640 a multiple of 10?
True
Is 1747644 a multiple of 5?
False
Is 4362379 a multiple of 55?
False
Is 3505288 a multiple of 125?
False
Does 22 divide 4994?
True
Does 17 divide 14800744?
True
Is 39 a factor of 884173?
False
Is 149666 a multiple of 11?
True
Is 110282 a multiple of 67?
True
Does 2 divide 1123369?
False
Is 416 a factor of 330861?
False
Is 336779 a multiple of 26?
False
Is 13 a factor of 17955600?
True
Does 804 divide 2301852?
True
Is 272320 a multiple of 80?
True
Is 2029601 a multiple of 13?
False
Is 15 a factor of 1180845?
True
Does 92 divide 112818?
False
Is 52868 a multiple of 4?
True
Is 15484 a multiple of 158?
True
Is 325700 a multiple of 11?
False
Does 73 divide 601447?
True
Is 9948577 a multiple of 17?
False
Is 22986 a multiple of 51?
False
Does 224 divide 230728?
False
Is 14 a factor of 20690250?
True
Does 6 divide 38137?
False
Is 4976832 a multiple of 92?
True
Does 8 divide 455169?
False
Is 15155086 a multiple of 409?
True
Does 30 divide 166470?
True
Is 162 a factor of 17982?
True
Is 4835461 a multiple of 6?
False
Is 75 a factor of 55821?
False
Is 277 a factor of 735435?
True
Is 820 a factor of 3832680?
True
Does 9 divide 5641039?
False
Is 28 a factor of 3637816?
True
Is 34280 a multiple of 5?
True
Does 222 divide 284382?
True
Does 80 divide 311617?
False
Is 87918 a multiple of 38?
False
Is 379 a factor of 259994?
True
Is 104 a factor of 1082120?
True
Is 322476 a multiple of 22?
True
Is 27 a factor of 5323023?
True
Is 1208201 a multiple of 10?
False
Is 35 a factor of 22946420?
True
Is 6830 a multiple of 10?
True
Is 16717 a multiple of 229?
True
Does 260 divide 1420640?
True
Is 208944 a multiple of 18?
True
Is 31 a factor of 3006411?
True
Does 17 divide 26647?
False
Is 14 a factor of 238504?
True
Is 37 a factor of 36112?
True
Is 36801 a multiple of 212?
False
Is 1671105 a multiple of 38?
False
Does 605 divide 4029914?
False
Is 1942370 a multiple of 14?
False
Does 76 divide 2793152?
True
Does 69 divide 129627?
False
Is 6894 a multiple of 766?
True
Is 24 a factor of 310078?
False
Does 5 divide 19315?
True
Is 481994 a multiple of 19?
False
Is 22 a factor of 8967799?
False
Does 16 divide 499760?
True
Is 25 a factor of 5075403?
False
Is 145 a factor of 389886?
False
Does 25 divide 2153063?
False
Does 82 divide 428954?
False
Does 13 divide 7097909?
True
Is 10 a factor of 288026?
False
Does 452 divide 12694363?
False
Is 168 a factor of 30576?
True
Is 6720 a multiple of 21?
True
Is 15 a factor of 148900?
False
Is 11643720 a multiple of 330?
True
Is 243 a factor of 11566071?
True
Is 16 a factor of 250128?
True
Does 525 divide 11725875?
True
Is 8 a factor of 358463?
False
Is 2 a factor of 31934?
True
Is 705280 a multiple of 320?
True
Is 